2 - 2*r - 2. Let c(m) = h*p(m) + 4*x(m). Determine c(-1).
-10
Let g be 1 + -3 + 6/3. Let h(n) = -10*n + 9. Let v(t) = -44*t + 44. Let k(j) = -9*h(j) + 2*v(j). Calculate k(g).
7
Suppose -1802 + 413 = -2*v + 5*k, 3*k + 1383 = 2*v. Let h = 682 - v. Let n(a) = a**3 + 5*a**2 + 6*a - 2. What is n(h)?
-32
Suppose 163*o - 10 = 158*o. Let n(p) = 3 - 48*p**o + 25*p**2 - 11 + 7*p + 22*p**2. What is n(6)?
-2
Let t(g) = -2*g - 3. Let x(u) be the first derivative of 15*u**2/2 + 36*u - 187. Let k(f) = -9*t(f) - x(f). Determine k(-8).
-33
Let y = 62 + -64. Let x(s) = -84 + s - 2*s - 2*s**2 - 82 + 0*s**2 + 167. What is x(y)?
-5
Let s be ((-10)/(-18))/(12/(13 - -23)). Let r(t) be the second derivative of 1/12*t**4 - s*t**3 + 0 + 10*t + t**2. Determine r(10).
2
Let w(k) = -k**2 - 1. Let f be (-57 + -21)*(-2)/6. Suppose -f = -6*b - 7*b. Determine w(b).
-5
Suppose 14*f - 17*f = -18. Let r be f*54*3/12. Let d(l) = 0*l**3 - l**3 - r + 80 + l**2 - l. Determine d(2).
-7
Suppose 4*q = -9 - 3. Let o(m) = -40*m + 10. Let b(l) = -1291 - 1298 + 2598 - 33*l. Let z(u) = 6*b(u) - 5*o(u). Calculate z(q).
-2
Let z = -15 + 9. Let b(g) = g**2 - 5830 - 2*g + 7*g + 5844. Let u(w) = w - 2. Let a(x) = -b(x) - 3*u(x). Determine a(z).
4
Let a = 0 - -6. Let s(m) = -590*m**2 + 3*m + 146*m**2 - 4 + 143*m**2 - 2*m + 165*m**2 + 142*m**2 - m**3. Give s(a).
2
Let q = 421 - 415. Let f(s) = 3*s - 8. Let h(u) be the second derivative of -5*u**3/6 + 15*u**2/2 - 2*u. Let w(c) = 7*f(c) + 4*h(c). Give w(q).
10
Let b(n) = 1 + 342*n - 652*n + 319*n + n**2. Determine b(-6).
-17
Let k(a) = -a**3 - 5*a**2 - a + 1. Let w be 16/(-104) + 4/26. Suppose w*l - 3*h + 7 = l, -2*h - 12 = 4*l. What is k(l)?
6
Let a(q) be the second derivative of q**5/5 + q**4/12 - q**3/6 + q**2/2 - 5*q. Suppose 5*b + 6 + 9 = -4*t, -5*t - 29 = -4*b. What is a(b)?
5
Let w be (-2 - 5/(-2))*(6 + -2). Let v(r) be the second derivative of 0 + 0*r**2 - 1/2*r**3 + r. Calculate v(w).
-6
Let z(i) be the first derivative of -i**4/4 - i**2/2 - 4*i - 273. Suppose -v - 15 = -4*v. Let q be (0/(-3 + v))/1. What is z(q)?
-4
Let d be 48/(-21) - -4 - (-2)/7. Let f(y) = -1. Let q(s) = 7*s - 6. Let x(b) = 4*f(b) - q(b). Determine x(d).
-12
Let i(b) = -b**3 + 3*b**2 + 3*b + 6. Suppose -5*w - 2523 = -2*t, -5*t - 851 = 4*w + 1141. Let d = w + 507. Calculate i(d).
2
Suppose 4*r + 10 = -o, -4*o + 3*r - 2*r = -28. Suppose -o = 14*z - 17*z. Let m(c) = 8*c - 1 - 3 + 14*c - 31*c + c**z. Calculate m(10).
6
Let r be (0 + 2)*(-2)/(-4). Let t be (14/(-2))/(r/1). Let v(c) be the third derivative of -c**5/60 - 7*c**4/24 + 5*c**3/6 + 10*c**2. Calculate v(t).
5
Let s(a) = 2 - 2*a - 5*a + 4*a. Let k = -19561 - -19557. Calculate s(k).
14
Let u(p) = -4*p**2 + p + 1. Let g(s) = s**2 - s - 1. Let o(y) = -4*g(y) - 2*u(y). Suppose -254 = -3*l - 260. Determine o(l).
14
Let f(x) be the third derivative of x**4/2 - 8*x**3/3 - 350*x**2. Calculate f(4).
32
Let q(d) = 68*d - 3. Let l be q(1). Suppose 10*n - l = -15. Let m(h) = 2*h + 3. Give m(n).
13
Let b(o) = -44*o - 16 + 43 + 31*o. Let x(m) = -15*m + 29. Let j(i) = 7*b(i) - 6*x(i). Calculate j(12).
3
Suppose 17*i + 10*i = 2*i. Let h(c) be the first derivative of -c**4/24 - c**3/6 + 5*c**2/2 + 1. Let m(l) be the second derivative of h(l). Give m(i).
-1
Let b = 1902 + -1896. Let p(r) = -r**3 + 8*r**2 - 13*r. What is p(b)?
-6
Let c(j) be the second derivative of 0*j**3 - 1/60*j**5 + 0*j**2 + 7/4*j**4 - 2*j + 0 + 1/120*j**6. Let b(z) be the third derivative of c(z). Determine b(-2).
-14
Let j(b) = -b**3 + 7*b**2 + b - 10. Let h be j(7). Let g be 20/2 + (-2 - h). Let o(x) = -34*x**2 + 5*x + 3*x**3 - 4*x**3 + 15 + 44*x**2 + 4*x. Give o(g).
-7
Let y(x) = 2*x + 21. Suppose -3*s + 435 = 5*a, 5*a - 524 = -4*s - 94. Let g = a + -101. Determine y(g).
-1
Let r(c) = c**3 + 7*c**2 - 9*c - 14. Suppose 232*o = -154*o - 45*o - 3448. Calculate r(o).
-6
Let y(m) = -m**2 + 2*m - 24. Let i = -27245 + 27249. What is y(i)?
-32
Let c(z) = -4*z - 25. Let b(p) = -35*p + 171. Let u be b(6). Let m be 9/(-12)*(-182)/u*2. Determine c(m).
3
Let h(n) = -1 + 3 + 13*n + 8*n + n - 21*n. Suppose 4*g - 5 = f, -2*f = 4*g - 6 - 8. Let o(m) = -4*m - 5. Let d(z) = f*h(z) + o(z). Give d(3).
-2
Let b = -14 + 16. Let f(l) = 5*l**2 + l**b - l**2 + 4*l - 3*l**2 - l**3 + 1. Suppose -69 = -30*g + 23*g - 16*g. Give f(g).
4
Let n(d) = -60*d + 26*d + 32*d. Let z be 1*0/(-8) + (-5 - -4) + 4. Calculate n(z).
-6
Suppose 0 = -6*v - 3*v + 45. Suppose 3*q + v*u - 12 = 0, 5*u - 2*u = 9. Let l(r) = 8*r**3. Give l(q).
-8
Let n(v) = 25*v**2 - 8*v + 16. Let t be n(2). Suppose 8 = -23*f + t. Let i(h) = h**3 - 6*h**2 + 4*h + 2. Calculate i(f).
-14
Let k(q) = q. Let g = 23 - 20. Let x(u) = -u + 1. Let s(j) = g*k(j) - x(j). Let y(m) = -m**3 + 12*m**2 - 11*m + 1. Let v be y(11). Calculate s(v).
3
Let l(f) = -f**3 - 3*f**2 + 20*f + 7. Let c be (11 + (-116)/12)*(-18)/4. Calculate l(c).
-5
Let g = -18 + 26. Suppose -2*z - 7*n + 4*n + 2 = 0, 0 = -2*n - g. Let a be -13 - (-1 + 1) - (3 - z). Let f(l) = -l**3 - 8*l**2 + 11*l + 3. Calculate f(a).
-15
Let c(d) = -5*d**3 + 10*d**2 - 9*d + 7. Let w(x) = x**3 - x**2 + x. Let k be 144/96*(-4)/(-6). Let r(s) = k*c(s) + 4*w(s). Give r(5).
7
Let f(s) = -s + 9. Let k(x) = -x**3 + 12*x**2 - 20*x + 2. Let u be k(9). Let n = u - 24. Suppose -p - 22 = -3*t + 3, -5*t + 2*p + n = 0. Give f(t).
0
Let d(b) = -b - 4. Let o be (-2*(-8 - (-200)/24))/(2/3). Calculate d(o).
-3
Let f = -5 - -3. Let s(m) = -24*m + 6. Let w = 92 - 102. Let g(t) = 8*t - 2. Let v(l) = w*g(l) - 3*s(l). Give v(f).
18
Let m(c) = c**3 + 14*c**2 + 25*c + 17. Suppose 84*n = 55*n - 348. What is m(n)?
5
Let y(c) = -4*c - 6. Let j = -4029 - -4018. What is y(j)?
38
Let a(z) = -18*z - 13. Suppose -21 = -2*h - 43. Let r(b) = -34*b - 25. Let g(l) = h*a(l) + 6*r(l). Give g(-5).
23
Let q(j) = -j**3 + 4*j**2 - 2*j - 2. Suppose -2*y = -6 - 2. Suppose 12*f = 10*f + y. Suppose 0 = -3*i - 6, -2*c + f = 4*i + 4. Give q(c).
1
Let p(d) = -5*d + 3. Suppose k = 6*m - 4*m + 7, -4*m + 7 = 5*k. Suppose 0 = k*g - 5*l + 27, -2*g = -0*g + l + 5. Let z = g - -7. What is p(z)?
-12
Let v(s) = s**2 + s + 4. Let c be 20/3*(-8 - -6)*-3. Suppose -4*l - 156 = -4*d, 2*l + 2*l + d + 161 = 0. Let i = l + c. What is v(i)?
4
Let t(r) = 23*r - 108. Let j(q) = q**2 - 117*q + 2021. Let v be j(96). What is t(v)?
7
Let l(t) be the first derivative of -3 + 6*t**3 + 3 - 3 - 8. Determine l(-1).
18
Let j(z) = -z**2 + 17*z - 21. Suppose -6*x + 2*x + 5*o = -52, 4*o - 39 = -3*x. Give j(x).
31
Let u(b) = -b + 1. Let y(g) = -2*g - 76 - 81 + 156. Let t(l) = 2*l**2 - 14*l + 1. Let n be t(7). Let o(d) = n*y(d) - 5*u(d). Give o(5).
9
Let d be (-7 + 40/10)*(3 + -2). Let q(j) = -j**2 - j + 4. Let b(n) = -2*n**2 - 2*n - 4. Let c(f) = d*q(f) + b(f). Determine c(0).
-16
Let c(r) = -3*r**2 - 76*r**3 - 68*r**3 + 14*r + 143*r**3 + 15. What is c(-5)?
-5
Let r(x) = -8*x + x + x**2 + 6 + 0*x. Suppose -61*h + 102 + 154 = -110. Let k be r(h). Let g(v) = -v - 14. Give g(k).
-14
Let x = -1 - 5. Let o(q) be the second derivative of -2*q**2 + 16*q + 0 + 1/6*q**3. Give o(x).
-10
Let i = 4085 - 4086. Let a(m) = 4*m - 3*m**2 + 0*m**3 + 2*m**2 + 2*m**3 + 1 - 3*m. What is a(i)?
-3
Let p(x) = 3*x - 62. Let t(w) = -w + 21. Let h(l) = 4*p(l) + 11*t(l). Let u be 3 + 19 - (-14 + 22). Give h(u).
-3
Let f(k) be the second derivative of -k**5/60 + 7*k**4/24 + k**3/3 + 5*k**2/2 + 27*k - 2. Let s(w) be the second derivative of f(w). Calculate s(9).
-11
Suppose -5*n = 4*s + 719, -22*n - 2*s + 302 = -24*n. Let t = -143 - n. Let y(o) = -1 + 6*o + 2 - 4 - 6*o**2 + o**3. Calculate y(t).
-11
Let h(g) = 2*g**2 - g - 1. Let y(d) = -d**2 + 2*d - 3. Suppose 3*k + 6 = 9*k. Let i be y(k). What is h(i)?
9
Let z(a) = -51*a**3 + 18*a**2 + 3*a + 22. Let w(r) = 22*r**3 - 8*r**2 - 2*r - 11. Let k(b) = 7*w(b) + 3*z(b). Calculate k(5).
39
Let q(a) = 10*a - 66*a**2 - 11 - 545*a**3 + 73*a**2 + 544*a**3. Determine q(7).
59
Suppose 0 = 13*w + 13251 - 13472. Let g(s) = 7*s - 101. Calculate g(w).
18
Let q(g) = -7*g**2 - 33*g + 32. Suppose -35*m - 45624 = -45659. Give q(m).
-8
Let f(o) = o**3 - 41 - 13*o**2 - 4*o + 11*o**2 + 54. Give f(3).
10
Let v(a) = -17*a - 165. Suppose 4*h = -5*z - 61, 2*h + 84*z + 13 = 85*z. What is v(h)?
-12
Let z be (-52)/(-12) - 1/3. Suppose -5*i + 20 = 2*s - 0*s, 2*s = 0. Let c(f) = 